is divided by 14?
12
Calculate the remainder when 381 is divided by 157.
67
What is the remainder when 400 is divided by 103?
91
What is the remainder when 76 is divided by 41?
35
Calculate the remainder when 280 is divided by 10.
0
Calculate the remainder when 1589 is divided by 57.
50
What is the remainder when 2831 is divided by 6?
5
What is the remainder when 456 is divided by 66?
60
What is the remainder when 222 is divided by 35?
12
What is the remainder when 1754 is divided by 196?
186
What is the remainder when 120 is divided by 1?
0
What is the remainder when 677 is divided by 22?
17
What is the remainder when 3481 is divided by 129?
127
What is the remainder when 147 is divided by 38?
33
What is the remainder when 670 is divided by 96?
94
What is the remainder when 465 is divided by 26?
23
What is the remainder when 353 is divided by 59?
58
Calculate the remainder when 76 is divided by 21.
13
Calculate the remainder when 6009 is divided by 251.
236
What is the remainder when 1520 is divided by 99?
35
What is the remainder when 493 is divided by 109?
57
Calculate the remainder when 10 is divided by 2.
0
Calculate the remainder when 180 is divided by 37.
32
What is the remainder when 91 is divided by 58?
33
What is the remainder when 337 is divided by 148?
41
What is the remainder when 245 is divided by 62?
59
What is the remainder when 50 is divided by 28?
22
What is the remainder when 132 is divided by 28?
20
What is the remainder when 56 is divided by 3?
2
Calculate the remainder when 34 is divided by 11.
1
What is the remainder when 1635 is divided by 539?
18
What is the remainder when 36 is divided by 7?
1
Calculate the remainder when 97 is divided by 19.
2
Calculate the remainder when 446 is divided by 103.
34
Calculate the remainder when 37 is divided by 19.
18
Calculate the remainder when 237 is divided by 12.
9
What is the remainder when 171 is divided by 5?
1
Calculate the remainder when 4705 is divided by 77.
8
What is the remainder when 343 is divided by 39?
31
Calculate the remainder when 26 is divided by 19.
7
What is the remainder when 102 is divided by 16?
6
Calculate the remainder when 585 is divided by 26.
13
Calculate the remainder when 331 is divided by 70.
51
Calculate the remainder when 24 is divided by 13.
11
Calculate the remainder when 109 is divided by 34.
7
What is the remainder when 81 is divided by 13?
3
What is the remainder when 275 is divided by 74?
53
Calculate the remainder when 698 is divided by 25.
23
What is the remainder when 999 is divided by 370?
259
Calculate the remainder when 340 is divided by 42.
4
What is the remainder when 95 is divided by 11?
7
Calculate the remainder when 398 is divided by 31.
26
What is the remainder when 44 is divided by 23?
21
What is the remainder when 493 is divided by 55?
53
Calculate the remainder when 115 is divided by 58.
57
Calculate the remainder when 379 is divided by 20.
19
What is the remainder when 141 is divided by 76?
65
What is the remainder when 321 is divided by 77?
13
What is the remainder when 168 is divided by 44?
36
What is the remainder when 448 is divided by 92?
80
Calculate the remainder when 47 is divided by 24.
23
Calculate the remainder when 1316 is divided by 23.
5
Calculate the remainder when 19247 is divided by 275.
272
Calculate the remainder when 292 is divided by 2.
0
What is the remainder when 697 is divided by 28?
25
What is the remainder when 260 is divided by 48?
20
What is the remainder when 169 is divided by 91?
78
Calculate the remainder when 264 is divided by 70.
54
What is the remainder when 299 is divided by 15?
14
What is the remainder when 360 is divided by 44?
8
What is the remainder when 1535 is divided by 20?
15
Calculate the remainder when 1933 is divided by 17.
12
Calculate the remainder when 935 is divided by 94.
89
What is the remainder when 664 is divided by 14?
6
What is the remainder when 136 is divided by 12?
4
What is the remainder when 5376 is divided by 33?
30
Calculate the remainder when 190 is divided by 57.
19
What is the remainder when 35 is divided by 22?
13
Calculate the remainder when 2506 is divided by 109.
108
What is the remainder when 594 is divided by 155?
129
Calculate the remainder when 574 is divided by 26.
2
What is the remainder when 501 is divided by 98?
11
What is the remainder when 172 is divided by 166?
6
What is the remainder when 492 is divided by 203?
86
What is the remainder when 2105 is divided by 177?
158
Calculate the remainder when 404 is divided by 24.
20
What is the remainder when 61 is divided by 5?
1
Calculate the remainder when 192 is divided by 39.
36
What is the remainder when 394 is divided by 14?
2
What is the remainder when 18751 is divided by 64?
63
Calculate the remainder when 7038 is divided by 160.
158
What is the remainder when 1167 is divided by 239?
211
What is the remainder when 81 is divided by 41?
40
What is the remainder when 460 is divided by 348?
112
What is the remainder when 371 is divided by 31?
30
What is the remainder when 1422 is divided by 95?
92
What is the remainder when 471 is divided by 43?
41
Calculate the remainder when 149 is divided by 15.
14
Calculate the remainder when 147 is divided by 139.
8
Calculate the remainder when 1159 is divided by 116.
115
Calculate the remainder when 71009 is divided by 41.
38
What is the remainder when 1021 is divided by 113?
4
Calculate the remainder when 2414 is divided by 482.
4
Calculate the remainder when 629 is divided by 207.
8
What is the remainder when 358 is divided by 30?
28
Calculate the remainder when 219 is divided by 67.
18
What is the remainder when 3948 is divided by 11?
10
Calculate the remainder when 1285 is divided by 13.
11
Calculate the remainder when 3972 is divided by 79.
22
What is the remainder when 1960 is divided by 47?
33
Calculate the remainder when 227 is divided by 71.
14
Calculate the remainder when 28 is divided by 10.
8
What is the remainder when 1229 is divided by 30?
29
What is the remainder when 3683 is divided by 30?
23
Calculate the remainder when 481 is divided by 123.
112
What is the remainder when 1098 is divided by 124?
106
What is the remainder when 52 is divided by 14?
10
Calculate the remainder when 2184 is divided by 51.
42
What is the remainder when 687 is divided by 15?
12
What is the remainder when 87 is divided by 72?
15
Calculate the remainder when 611 is divided by 31.
22
What is the remainder when 34 is divided by 2?
0
Calculate the remainder when 1282 is divided by 212.
10
Calculate the remainder when 446 is divided by 78.
56
Calculate the remainder when 108 is divided by 90.
18
What is the remainder when 349 is divided by 106?
31
What is the remainder when 116 is divided by 49?
18
Calculate the remainder when 169 is divided by 19.
17
What is the remainder when 86745 is divided by 223?
221
What is the remainder when 1821 is divided by 25?
21
What is the remainder when 799 is divided by 133?
1
Calculate the remainder when 1647 is divided by 6.
3
Calculate the remainder when 478 is divided by 467.
11
What is the remainder when 51972 is divided by 231?
228
What is the remainder when 165 is divided by 56?
53
What is the remainder when 72 is divided by 58?
14
What is the remainder when 537 is divided by 27?
24
Calculate the remainder when 454 is divided by 91.
90
What is the remainder when 245 is divided by 63?
56
What is the remainder when 46 is divided by 22?
2
Calculate the remainder when 979 is divided by 162.
7
Calculate the remainder when 493 is divided by 347.
146
Calculate the remainder when 255 is divided by 84.
3
What is the remainder when 163 is divided by 14?
9
What is the remainder when 206 is divided by 35?
31
Calculate the remainder when 22086 is divided by 88.
86
Calculate the remainder when 3351 is divided by 4.
3
What is the remainder when 3145 is divided by 25?
20
Calculate the remainder when 2514 is divided by 63.
57
What is the remainder when 383 is divided by 9?
5
Calculate the remainder when 407 is divided by 113.
68
What is the remainder when 1059 is divided by 259?
23
Calculate the remainder when 255 is divided by 129.
126
What is the remainder when 172 is divided by 22?
18
What is the remainder when 127 is divided by 36?
19
Calculate 